{"id":22,"date":"2017-12-26T12:28:25","date_gmt":"2017-12-26T11:28:25","guid":{"rendered":"http:\/\/kine-osteo-nantes.com\/?page_id=22"},"modified":"2018-05-23T07:40:16","modified_gmt":"2018-05-23T05:40:16","slug":"therapeutes","status":"publish","type":"page","link":"https:\/\/kine-osteo-nantes.com\/index.php\/therapeutes\/","title":{"rendered":"Th\u00e9rapeutes"},"content":{"rendered":"<p>&nbsp;<\/p>\n<p><strong>Erwan LE FLOCH<img loading=\"lazy\" class=\"size-medium wp-image-92 alignleft\" src=\"http:\/\/kine-osteo-nantes.com\/wp-content\/uploads\/2018\/05\/ELF-300x213.jpg\" alt=\"\" width=\"300\" height=\"213\" \/><\/strong><\/p>\n<p>Masseur-Kin\u00e9sith\u00e9rapeute DE dipl\u00f4m\u00e9 de l&rsquo;IFMK de Nantes<\/p>\n<p>&nbsp;<\/p>\n<p>Ost\u00e9opathe DO form\u00e9 \u00a0au Coll\u00e8ge Ost\u00e9opathique Sutherland de Nantes<\/p>\n<p>&nbsp;<\/p>\n<p>&nbsp;<\/p>\n<p>M\u00e9moire : Les acouph\u00e8nes &#8211; de l&rsquo;orifice sup\u00e9rieur du thorax \u00e0 la sph\u00e8re cr\u00e2nienne<\/p>\n<p>Formations :<\/p>\n<ul>\n<li>Grossesse et pr\u00e9vention p\u00e9diatrique (\u00c9lisa Boillot , Ost\u00e9opathe\/sage femme)<\/li>\n<li>Lev\u00e9es de tensions musculaires<\/li>\n<\/ul>\n<p>&nbsp;<\/p>\n<p><strong>Bastien LERICHE<img loading=\"lazy\" class=\"size-medium wp-image-94 alignleft\" src=\"http:\/\/kine-osteo-nantes.com\/wp-content\/uploads\/2018\/05\/BLR-222x300.jpg\" alt=\"\" width=\"222\" height=\"300\" srcset=\"https:\/\/kine-osteo-nantes.com\/wp-content\/uploads\/2018\/05\/BLR-222x300.jpg 222w, https:\/\/kine-osteo-nantes.com\/wp-content\/uploads\/2018\/05\/BLR.jpg 759w\" sizes=\"(max-width: 222px) 100vw, 222px\" \/><\/strong><\/p>\n<p>Masseur-Kin\u00e9sith\u00e9rapeute DE dipl\u00f4me de l&rsquo;IFMK de Nantes<\/p>\n<p>&nbsp;<\/p>\n<p>&nbsp;<\/p>\n<p>&nbsp;<\/p>\n<p>&nbsp;<\/p>\n<p>&nbsp;<\/p>\n<p>&nbsp;<\/p>\n<p>&nbsp;<\/p>\n<p>Formations :<\/p>\n<ul>\n<li>McKenzie<\/li>\n<\/ul>\n<p>&nbsp;<\/p>\n<p><strong>Nad\u00e8ge LE FLOCH<\/strong><\/p>\n<p>Masseur-Kin\u00e9sith\u00e9rapeute dipl\u00f4m\u00e9e de l&rsquo;IFMK de Nantes<\/p>\n<p>Formations :<\/p>\n<ul>\n<li>Ost\u00e9opathie articulaire \u00e0 l&rsquo;IFBO<\/li>\n<li>R\u00e9\u00e9ducation p\u00e9rin\u00e9ale<\/li>\n<li>R\u00e9\u00e9ducation abdominale<\/li>\n<li>Kin\u00e9-respiratoire p\u00e9diatrique<\/li>\n<\/ul>\n","protected":false},"excerpt":{"rendered":"<p>&nbsp; Erwan LE FLOCH Masseur-Kin\u00e9sith\u00e9rapeute DE dipl\u00f4m\u00e9 de l&rsquo;IFMK de Nantes &nbsp; Ost\u00e9opathe DO form\u00e9 \u00a0au Coll\u00e8ge Ost\u00e9opathique Sutherland de Nantes &nbsp; &nbsp; M\u00e9moire : Les acouph\u00e8nes &#8211; de l&rsquo;orifice sup\u00e9rieur du thorax \u00e0 la sph\u00e8re cr\u00e2nienne Formations : Grossesse&#8230;<\/p>\n","protected":false},"author":2,"featured_media":0,"parent":0,"menu_order":1,"comment_status":"closed","ping_status":"closed","template":"","meta":[],"_links":{"self":[{"href":"https:\/\/kine-osteo-nantes.com\/index.php\/wp-json\/wp\/v2\/pages\/22"}],"collection":[{"href":"https:\/\/kine-osteo-nantes.com\/index.php\/wp-json\/wp\/v2\/pages"}],"about":[{"href":"https:\/\/kine-osteo-nantes.com\/index.php\/wp-json\/wp\/v2\/types\/page"}],"author":[{"embeddable":true,"href":"https:\/\/kine-osteo-nantes.com\/index.php\/wp-json\/wp\/v2\/users\/2"}],"replies":[{"embeddable":true,"href":"https:\/\/kine-osteo-nantes.com\/index.php\/wp-json\/wp\/v2\/comments?post=22"}],"version-history":[{"count":18,"href":"https:\/\/kine-osteo-nantes.com\/index.php\/wp-json\/wp\/v2\/pages\/22\/revisions"}],"predecessor-version":[{"id":140,"href":"https:\/\/kine-osteo-nantes.com\/index.php\/wp-json\/wp\/v2\/pages\/22\/revisions\/140"}],"wp:attachment":[{"href":"https:\/\/kine-osteo-nantes.com\/index.php\/wp-json\/wp\/v2\/media?parent=22"}],"curies":[{"name":"wp","href":"https:\/\/api.w.org\/{rel}","templated":true}]}}